actor of v and x.
24
Let h(y) = -2*y**3 + y**2 + 19*y + 29. Let b be h(-3). Calculate the greatest common divisor of b and 266.
7
Let z = 180 + -178. Suppose -4*h + 34 = 2. Calculate the highest common factor of h and z.
2
Let d(v) = -2*v + 10. Suppose -32 = -4*c + 8. Let a be d(c). Let h = -9 - a. Calculate the highest common divisor of h and 11.
1
Let p(x) = -13*x + 13. Let l be p(-9). Suppose 6*u = u + l. Let v = u + -23. Calculate the greatest common divisor of 2 and v.
1
Suppose 5*f + 0 = 20. Let t be (-144)/3 - (f - 7). Let b = 7 - t. What is the greatest common factor of b and 130?
26
Suppose -3*h + 29 = -46. Let l be (-4)/((-20)/h) + 31. What is the greatest common factor of l and 60?
12
Suppose 5*b - 5*j - 25 = -0*j, 5*b - 2*j = 37. Let d be (b - 5) + (0 - -41). Calculate the greatest common factor of d and 5.
5
Let u = 7 - 1. Let t be (-27)/6*(-280)/u. What is the highest common factor of t and 30?
30
Let n(q) = -9*q - 247. Let w be n(-36). Calculate the greatest common factor of w and 7.
7
Suppose -48 = q + 7*q. Let t(u) = -2*u - 11. Let h be t(q). Suppose h = 2*d - 1. What is the greatest common factor of d and 5?
1
Suppose -2*w + 12 = -w. Let r(k) be the first derivative of -4*k**2 - 2*k - 5. Let y be r(-4). Calculate the greatest common divisor of y and w.
6
Let z(s) = s**3 - 2*s**2 - 9*s - 2. Suppose 0*b = 5*b - 30. Let h be z(b). Suppose -3*v + 2*v = -11. Calculate the greatest common factor of v and h.
11
Let x(t) be the first derivative of t**3/3 - 3*t**2/2 - 14*t + 4. Let m be x(9). Calculate the highest common divisor of m and 60.
20
Let h(q) be the first derivative of -q**3/3 + 3*q**2/2 + 9*q + 6. Let v be h(5). Let y = v - -14. What is the greatest common divisor of y and 13?
13
Let u(d) = -27*d**3 - d**2 - 2*d - 1. Let i(w) = w**2 - 4*w - 2 + 0*w**2 + 1. Let n be i(4). Let b be u(n). Calculate the greatest common factor of 216 and b.
27
Suppose 6*n + 51 = 7*n. Let a = n - 47. Calculate the highest common factor of a and 4.
4
Let k = 1 - 4. Let f be (-5)/(k - 1/(-2)). Suppose -2*c = -f, -5*c = -2*b + 6*b - 229. Calculate the greatest common divisor of b and 140.
28
Let o be (20/(-5))/2 + 106. Let n = o + -49. Calculate the greatest common divisor of 5 and n.
5
Suppose -3*z = -29 + 11. What is the highest common divisor of z and 6?
6
Suppose 6*n = 153 + 87. What is the greatest common divisor of 680 and n?
40
Let h = -16 - 63. Let d = 142 + h. Calculate the highest common factor of d and 7.
7
Let i(k) = -5*k + 139. Let y be i(8). What is the highest common factor of y and 11?
11
Suppose 13*v = 9*v + 28. Let g = v - 1. Calculate the greatest common divisor of 18 and g.
6
Let k be 20 + -5*28/(-35). Suppose 0 = 4*w - 1 - 11. What is the highest common divisor of k and w?
3
Suppose 0 = -4*z - 4*r - 35 - 13, 2*z + 5*r + 12 = 0. Let j(l) = l + 2. Let v be j(-3). Let c be z*10/4*v. What is the greatest common divisor of 5 and c?
5
Let b(s) = -s**2 + s + 35. Let v be b(0). Let n = v + -21. Calculate the greatest common divisor of 126 and n.
14
Suppose 0 = 4*a + 4*m - 76, 6*a - 2*a - 4*m - 100 = 0. Let o = -7 + a. Calculate the highest common factor of o and 15.
15
Let w = 43 + -25. Let j(k) = 7*k - 5. Let o be j(2). Suppose -5*v + o = -51. What is the highest common factor of w and v?
6
Let v be (-58)/87 - (80/(-12) - 1). Calculate the greatest common divisor of v and 1253.
7
Suppose -3428 - 292 = -31*g. Calculate the greatest common divisor of 400 and g.
40
Let i = -236 + 341. Let j(x) = -15*x + 255. Let b be j(16). Calculate the highest common divisor of b and i.
15
Let s(x) = 102*x - 22. Let t be s(2). Calculate the greatest common divisor of 104 and t.
26
Suppose -11*w + 7447 = -10274. What is the highest common factor of w and 9?
9
Let t(n) = -n**3 - 6*n**2 - 7*n - 1. Let d = -12 + 7. Let x be t(d). Let i be (39/(-13))/(1/(-24)). What is the greatest common divisor of x and i?
9
Let d = -7 + 3. Let b(y) = y**3 - 6*y**2 + 10*y - 8. Let h be b(4). Let l be h + d + 1 - -91. What is the greatest common divisor of l and 22?
22
Suppose -5*i = -7*u + 4*u - 444, 3*i + 4*u = 249. Let t be 3/(-1) - -127 - -3. Let y = t - i. What is the greatest common divisor of y and 8?
8
Let s(o) = 2*o**3 - 2*o**2 - 7*o + 12. Let z be s(3). What is the highest common factor of 18 and z?
9
Suppose -3*c - 32 + 11 = -2*q, 4 = 4*c. Suppose -3*a + 397 = -m, -4*m + m - 399 = -3*a. Calculate the highest common factor of a and q.
12
Let a be (-3 + (-52)/(-4))/(7/14). What is the greatest common factor of 2360 and a?
20
Let o = -1977 - -2107. Let u(g) = g**3 + 3*g**2 + 3*g + 3. Let q be u(-4). Let v = 27 - q. What is the greatest common factor of v and o?
26
Let q be (-54)/126 - (-34)/14. Suppose -13 = -3*y - 3*l + 44, 0 = -q*y + l + 41. Calculate the highest common factor of 220 and y.
20
Suppose -2*r - 3*f = 2, -r + 2 = -3*r + 3*f. Let q be -3 - (-1443)/6 - 2/(-4). Let v be q/8 - r/4. What is the highest common factor of 15 and v?
15
Let n = -353 + 358. What is the greatest common divisor of 5 and n?
5
Let b = 1010 - 1007. What is the highest common divisor of 3 and b?
3
Let b = 486 - 387. What is the greatest common factor of b and 11?
11
Let f be (3/(-6))/((-1)/10). Suppose 114 = 2*b + 16. Suppose -m - 9 = -b. Calculate the highest common factor of m and f.
5
Let s(m) = -4*m + 15. Let d(y) = -9*y + 30. Let g(j) = -3*d(j) + 7*s(j). Let v be g(0). Suppose 5*o = -5*o + 600. What is the greatest common factor of o and v?
15
Let c be (-1)/(0 + (6/(-3))/(-4)). Let w be (13 + 2)/3 + c. Calculate the highest common divisor of w and 3.
3
Let s be 4/14 + 2852/161. Suppose 10*t + s = 12*t. What is the highest common factor of 99 and t?
9
Let s(m) = m - 3. Let o be s(9). Let d(k) = -2*k**2 + 7*k**2 - 4*k**2 - 2*k**2 + 15 + 4*k. Let q be d(o). Calculate the highest common factor of 21 and q.
3
Let b(w) = w + 20. Let p be 96/(-5) + (-1)/(-5). Let j be b(p). What is the greatest common divisor of j and 9?
1
Suppose 2*k - 590 = -4*n, 4*k - 10 = -4*n + 1174. Calculate the highest common factor of 11 and k.
11
Let w be 12/(3/(-20)*-2). Let r(n) = 12*n**3 - 32*n**2 - 12*n + 16. Let a be r(3). What is the greatest common divisor of w and a?
8
Let q(i) = -i**3 + 2*i**2 - 8*i - 16. Let r be q(-2). Let j = -44 + 108. What is the greatest common divisor of j and r?
16
Suppose 0 = -2*b + x + 18 + 119, -5*x = 2*b - 131. Calculate the highest common divisor of 1802 and b.
34
Let d be (-7)/14 + ((-5901)/(-14) - -8). What is the greatest common divisor of d and 1573?
143
Suppose -2*x + 12 = 4*o, o + 8*x = 3*x - 15. Suppose 0 = z - f + 40, -o*z + 4*f - 124 = 73. Let v = z + 39. What is the highest common divisor of v and 2?
2
Let f be (-142)/(-3) - 3/9. Suppose -17 = -q + f. What is the highest common divisor of 8 and q?
8
Suppose -4*j = 3*x + 35 + 31, -j - 12 = 3*x. Let g be 23 - (4/(-12))/(3/j). Calculate the highest common factor of 84 and g.
21
Let u be -3 - ((4 + 1)/5 + -41). What is the highest common divisor of u and 259?
37
Suppose -18*n + 48 = -15*n. What is the greatest common factor of n and 32?
16
Let n(c) = -c**3 - 6*c**2 + 7*c + 3. Let z be n(-7). Suppose 0 = 3*x - 4*h - 36, -5*x + 5*h + 391 = 331. Calculate the highest common divisor of x and z.
3
Let g(q) = -q**2 - q - 60. Let h = -3 + 3. Let w be g(h). Let d be (-14)/(-4)*w/(-35). Calculate the highest common factor of d and 66.
6
Suppose -14*c + 50*c = 3780. Calculate the greatest common divisor of c and 135.
15
Let h be (7*(-1)/(-6))/(79/474). What is the greatest common factor of h and 133?
7
Suppose -415*o - 36 = -421*o. Calculate the highest common factor of o and 14.
2
Let b(r) = -41*r - 64. Let i be b(-8). Calculate the greatest common factor of i and 40.
8
Let f = 169 + -125. Calculate the highest common divisor of f and 4.
4
Let c be 1/2*0/9. Suppose c = -r - r - 8. Let n be r/14 + (-2106)/(-21). What is the highest common divisor of 40 and n?
20
Let u = 6 - 2. Let c be 21 - ((-3)/(-5) - (-180)/(-50)). Calculate the highest common divisor of c and u.
4
Suppose -4*w - 5*x + 14 = -37, 0 = 3*w - 5*x - 47. Calculate the highest common factor of w and 322.
14
Let i(p) = p**3 - 20*p**2 + 2*p - 26. Let f be i(20). Calculate the highest common divisor of 28 and f.
14
Let h(p) = -8*p**3 + 2*p**2 + p. Let i be h(-